{"id":189,"date":"2023-10-26T17:16:20","date_gmt":"2023-10-26T20:16:20","guid":{"rendered":"https:\/\/criatorioplenus.eco.br\/loja\/?post_type=product&#038;p=189"},"modified":"2025-01-06T20:02:03","modified_gmt":"2025-01-06T23:02:03","slug":"jandaia-verdadeira","status":"publish","type":"product","link":"https:\/\/criatorioplenus.eco.br\/loja\/product\/jandaia-verdadeira\/","title":{"rendered":"Jandaia Verdadeira"},"content":{"rendered":"<p>Aratinga Jandaya<\/p>\n<p><img data-recalc-dims=\"1\" loading=\"lazy\" decoding=\"async\" class=\"alignnone size-medium wp-image-226\" src=\"https:\/\/i0.wp.com\/criatorioplenus.eco.br\/loja\/wp-content\/uploads\/2023\/10\/a01de062-a80a-43a4-b6d7-581bf1f08ac4.jpeg?resize=300%2C300&#038;ssl=1\" alt=\"\" width=\"300\" height=\"300\" srcset=\"https:\/\/i0.wp.com\/criatorioplenus.eco.br\/loja\/wp-content\/uploads\/2023\/10\/a01de062-a80a-43a4-b6d7-581bf1f08ac4.jpeg?resize=300%2C300&amp;ssl=1 300w, https:\/\/i0.wp.com\/criatorioplenus.eco.br\/loja\/wp-content\/uploads\/2023\/10\/a01de062-a80a-43a4-b6d7-581bf1f08ac4.jpeg?resize=1024%2C1024&amp;ssl=1 1024w, https:\/\/i0.wp.com\/criatorioplenus.eco.br\/loja\/wp-content\/uploads\/2023\/10\/a01de062-a80a-43a4-b6d7-581bf1f08ac4.jpeg?resize=150%2C150&amp;ssl=1 150w, https:\/\/i0.wp.com\/criatorioplenus.eco.br\/loja\/wp-content\/uploads\/2023\/10\/a01de062-a80a-43a4-b6d7-581bf1f08ac4.jpeg?resize=768%2C768&amp;ssl=1 768w, https:\/\/i0.wp.com\/criatorioplenus.eco.br\/loja\/wp-content\/uploads\/2023\/10\/a01de062-a80a-43a4-b6d7-581bf1f08ac4.jpeg?resize=324%2C324&amp;ssl=1 324w, https:\/\/i0.wp.com\/criatorioplenus.eco.br\/loja\/wp-content\/uploads\/2023\/10\/a01de062-a80a-43a4-b6d7-581bf1f08ac4.jpeg?resize=416%2C416&amp;ssl=1 416w, https:\/\/i0.wp.com\/criatorioplenus.eco.br\/loja\/wp-content\/uploads\/2023\/10\/a01de062-a80a-43a4-b6d7-581bf1f08ac4.jpeg?resize=100%2C100&amp;ssl=1 100w, https:\/\/i0.wp.com\/criatorioplenus.eco.br\/loja\/wp-content\/uploads\/2023\/10\/a01de062-a80a-43a4-b6d7-581bf1f08ac4.jpeg?w=1080&amp;ssl=1 1080w\" sizes=\"auto, (max-width: 300px) 100vw, 300px\" \/><\/p>\n<p>A jandaia verdadeira \u00e9 um excelente pet.<\/p>\n<p>Uma ave curiosa, que adora intera\u00e7\u00e3o e \u00e9 extremamente carinhosa.<\/p>\n<p>&nbsp;<\/p>\n<p>O problema da jandaia \u00e9 sua potencia vocal, ent\u00e3o n\u00e3o \u00e9 recomendada para quem mora em apartamento ou que possa ter problemas com barulho.<\/p>\n<p>Ainda assim, se tiver uma gaiola em um local que seja escuro, para coloca-la para dormir, n\u00e3o ter\u00e1 problema com gritos fora do hor\u00e1rio.<\/p>\n<p>\u00c9 uma bel\u00edssima ave e extremamente soci\u00e1vel e, por este motivo,\u00a0 adora companhia.<\/p>\n<p>\u00c9 recomendado a utiliza\u00e7\u00e3o de brinquedos e alimentos como fonte de enriquecimento ambiental.<\/p>\n<p>\u00c9 um animal silvestre e ser\u00e1 enviado com todos os documentos legais exigidos.<\/p>\n<p>&nbsp;<\/p>\n<p>Anilha de a\u00e7o, nota fiscal, certificado de origem, licen\u00e7a de tr\u00e2nsito, guia de transporte animal, atestado veterin\u00e1rio e sexagem.<\/p>\n<p>Alimenta\u00e7\u00e3o Nutropica<\/p>\n","protected":false},"excerpt":{"rendered":"[contact-form][contact-field label=\"Nome\" type=\"name\"  required=\"true\" \/][contact-field label=\"E-mail\" type=\"email\" required=\"true\" \/][contact-field label=\"Site\" type=\"url\" \/][contact-field label=\"Mensagem\" type=\"textarea\" \/][\/contact-form]\n<p>Jandaia verdadeira<\/p>\n","protected":false},"featured_media":226,"comment_status":"open","ping_status":"closed","template":"","meta":{"pagelayer_contact_templates":[],"_pagelayer_content":""},"product_brand":[],"product_cat":[33,32],"product_tag":[],"class_list":{"0":"post-189","1":"product","2":"type-product","3":"status-publish","4":"has-post-thumbnail","6":"product_cat-jandaia-verdadeira","7":"product_cat-silvestres","9":"first","10":"outofstock","11":"shipping-taxable","12":"purchasable","13":"product-type-simple"},"jetpack_sharing_enabled":true,"_links":{"self":[{"href":"https:\/\/criatorioplenus.eco.br\/loja\/wp-json\/wp\/v2\/product\/189","targetHints":{"allow":["GET"]}}],"collection":[{"href":"https:\/\/criatorioplenus.eco.br\/loja\/wp-json\/wp\/v2\/product"}],"about":[{"href":"https:\/\/criatorioplenus.eco.br\/loja\/wp-json\/wp\/v2\/types\/product"}],"replies":[{"embeddable":true,"href":"https:\/\/criatorioplenus.eco.br\/loja\/wp-json\/wp\/v2\/comments?post=189"}],"wp:featuredmedia":[{"embeddable":true,"href":"https:\/\/criatorioplenus.eco.br\/loja\/wp-json\/wp\/v2\/media\/226"}],"wp:attachment":[{"href":"https:\/\/criatorioplenus.eco.br\/loja\/wp-json\/wp\/v2\/media?parent=189"}],"wp:term":[{"taxonomy":"product_brand","embeddable":true,"href":"https:\/\/criatorioplenus.eco.br\/loja\/wp-json\/wp\/v2\/product_brand?post=189"},{"taxonomy":"product_cat","embeddable":true,"href":"https:\/\/criatorioplenus.eco.br\/loja\/wp-json\/wp\/v2\/product_cat?post=189"},{"taxonomy":"product_tag","embeddable":true,"href":"https:\/\/criatorioplenus.eco.br\/loja\/wp-json\/wp\/v2\/product_tag?post=189"}],"curies":[{"name":"wp","href":"https:\/\/api.w.org\/{rel}","templated":true}]}}